te the greatest common divisor of 3 and l.
3
Suppose -y = -2*y + 58. Let d = y - 38. Let j = 1140 + -1110. What is the highest common factor of d and j?
10
Let f be (1/(-3))/(11/(-165)). Suppose 9*v - 960 = 3*v. Suppose -25 = f*s - v. Calculate the highest common factor of s and 54.
27
Let y be 344/10 + (-18)/(-30). Let d = 120 + -78. What is the greatest common factor of y and d?
7
Let o = -103 + 103. Suppose 4*m - 5*b - 288 = o, -5*m = 4*b - 9*b - 360. Calculate the highest common divisor of 8 and m.
8
Let t(r) = -92*r + 5. Let z be t(-2). Suppose -2*d - 882 = 12*d - 1260. What is the greatest common divisor of d and z?
27
Suppose -457 = -4*l - 3*i + 1130, 2*l + i - 793 = 0. Calculate the greatest common divisor of l and 2052.
36
Suppose -3*s - 961 - 1957 = -d, -2*d + 5881 = 3*s. What is the highest common divisor of d and 14?
7
Let v = -102591 - -102596. Suppose 0*k - 2*k - 2*f + 172 = 0, 5*k = 3*f + 422. Calculate the greatest common divisor of v and k.
5
Let j be 0 + 3 + 3 + -3 + 0. Suppose -4*h = 3*c - 428, -j*c + 532 = 5*h - 0*h. Let z = -23 + h. What is the greatest common factor of 9 and z?
9
Let l = 158 + -113. Let z = 85 - -110. What is the highest common divisor of l and z?
15
Suppose 0 = 145*f - 24*f - 16*f - 2100. What is the highest common factor of 1985 and f?
5
Let u(m) = -m**2 - 4*m + 7. Let l be u(-5). Let i = -1597 + 1569. Let h be l/(i/32 - -1). Calculate the highest common divisor of h and 4.
4
Let d(q) = -3*q**2 - 69*q - 28. Let l be d(-22). Let x = 247 - 133. What is the highest common factor of x and l?
38
Let s(t) = -t**3 + 21*t**2 - 21*t + 42. Let z be s(20). What is the greatest common divisor of z and 66?
22
Let w(b) = -1095*b + 9735. Let i be w(5). What is the greatest common factor of i and 20?
20
Suppose -s - 9 = 27. Let w be (-441)/s + -4 + 2/(-8). What is the greatest common factor of 40 and w?
8
Suppose -4*v - 111 = 5*b, -6*b + 7*b + 2*v = -21. Let f = b - -62. Calculate the greatest common divisor of 52 and f.
13
Let z(k) be the third derivative of 13*k**5/20 + 7*k**4/24 + 7*k**3/6 + 108*k**2. Let o be z(-1). What is the greatest common divisor of 65 and o?
13
Let d = 90 - 91. Let b be (6 + 3 - 6) + 3 + d. Suppose -k - 182 = -b*i, k + 104 = 3*i + 3*k. What is the highest common factor of 4 and i?
4
Suppose 24*f + 134 - 638 = 0. What is the highest common factor of 16527 and f?
21
Let v(h) = -h**2 - 19*h - 12. Let b be v(-18). Suppose -46 = -b*g - 16. Calculate the greatest common divisor of g and 355.
5
Let s = -71 - -50. Let v(u) = -u**2 - 21*u + 8. Let o be v(s). Suppose 75 = -7*w + o*w. What is the highest common divisor of w and 30?
15
Suppose 3*b - 326 = -3*y + b, -b - 341 = -3*y. Suppose 2612 + 23262 = 106*h - 15678. What is the highest common factor of h and y?
56
Let o = 7 + -5. Let n(l) = -7*l + 69. Let g be n(8). Suppose g*b - o*b = 1155. What is the highest common factor of 15 and b?
15
Let p(c) = -4*c**2 + 96*c + 27. Let m be p(24). Let x(g) = -4*g + 13. Let a be x(-8). What is the greatest common divisor of a and m?
9
Suppose -2*d + 33 - 9 = 0. Let u = -284 - -282. Let v(l) = 48*l**2 - 2*l - 4. Let q be v(u). Calculate the highest common factor of d and q.
12
Let f = -61 + 67. Suppose -267 = -f*b + 93. Calculate the highest common divisor of b and 105.
15
Suppose s = 2*s + 3*r + 5, -5 = 3*s - r. Let m be 20/((0 + -1)/s). Let t = -718 - -818. Calculate the highest common divisor of t and m.
20
Let d(n) = -n**3 + 6*n**2 + 13*n + 33. Let a(o) = 2*o**2 + 43*o + 29. Let z be a(-21). Let s be d(z). Calculate the highest common factor of 45 and s.
9
Let h = -515 + 1346. Let v = -746 + h. Calculate the greatest common divisor of 17 and v.
17
Suppose v = -8*z + 6*z + 502, 5*v + 514 = 2*z. Suppose -3*h = -0*h - z. What is the greatest common divisor of h and 12?
12
Suppose -5*n = -5*u + 5400, 4*u + 37*n - 42*n = 4321. What is the highest common divisor of u and 143?
13
Let y = -640 + 408. Let o = -62 - y. What is the greatest common factor of 10 and o?
10
Suppose -n - 2*y + 285 = 0, 5*n - 42*y - 1386 = -39*y. Calculate the greatest common factor of n and 31.
31
Let c be (-4)/(((-2)/3804*4)/((-781)/(-33))). Calculate the highest common divisor of c and 142.
142
Let d = -415 - -425. Calculate the greatest common factor of 245 and d.
5
Let v(p) = 10*p + 4*p + p**2 + 15 + 0*p**2 - 6*p. Let d be v(-6). Suppose d*l - 99 = 525. What is the greatest common factor of l and 26?
26
Suppose 4*f = 10*f + 264. Let v = f - -47. Suppose 11*n - 12*n = -v. Calculate the greatest common factor of 1 and n.
1
Suppose -2*j = -4*n - 12, -2*n = -0*n + 2. Suppose -5*h + 6 = -j. Suppose 3*c = h*c + 7. What is the highest common factor of c and 49?
7
Let s be 248 - ((12 - 624/60) + 4/10). What is the highest common divisor of 4 and s?
2
Suppose 12 = 5*u - 8. Suppose 14 = -u*m + 6. Let r be 1268/60 + m/15. Calculate the greatest common factor of 105 and r.
21
Let d(w) = -w**3 - 13*w**2 + 81*w + 1122. Let n be d(-12). Calculate the highest common divisor of 1545 and n.
3
Suppose -d - 2219 = -2223. Let s be (-1*(4 - 4))/1. Suppose s = 7*t - 2*t - 30. Calculate the highest common factor of t and d.
2
Suppose 4 + 0 = -h, -y = -4*h - 24. Let w be ((-14)/5)/(2/(-10)). Let q = 15 - w. Calculate the highest common factor of y and q.
1
Let c = -35 + 27. Let o be (0 + 24)/((-2)/c). Let g = -57 + o. What is the highest common factor of g and 13?
13
Let b(v) = v**2 - 6*v + 9. Let a be b(6). Let k(c) = 32*c - 70. Let x be k(3). Let n be (-19)/(-2) + (6 - x/4). Calculate the greatest common factor of n and a.
9
Let o(y) = y**2 - y - 26. Let u be o(18). Suppose -3*t - 5*b + 420 = 0, 9*t - 11*t - 5*b + u = 0. Calculate the greatest common divisor of 315 and t.
35
Let x be ((-2070)/(-60))/((-54)/(-900)). Let j = 53 + -30. What is the greatest common factor of x and j?
23
Let h be (-812)/21*270/(-20). What is the greatest common divisor of h and 36?
18
Suppose 5*r = -4*y + 154, 13*y - 36*y + 951 = -4*r. What is the greatest common factor of y and 2870?
41
Let x(z) = 8*z**3 + 83*z**2 + 7*z - 48. Let r be x(-10). Calculate the greatest common factor of 2044 and r.
14
Suppose 78 = 2*c - 28. Let m = c - -14. Let r = m - 60. Calculate the highest common divisor of 14 and r.
7
Let i(w) = -w**2 + 7*w - 4. Let j be i(7). Let v be ((-2)/j)/(2/16). Suppose -9*r - 116 = -296. Calculate the greatest common factor of v and r.
4
Suppose 19 + 569 = 4*k. Let x be (-14)/k*-3 - (-285)/7. What is the highest common factor of 287 and x?
41
Let z = 96 + -180. Let g = z + 255. Calculate the greatest common factor of g and 38.
19
Let v be (-2 - (-15)/10)*(-66 - -4). Let q(h) = -h**3 + 31*h**2 + 2*h - 33. Let m be q(v). What is the greatest common divisor of 783 and m?
29
Let x(m) = -5*m + 15. Let h = -27 + 28. Let b be -5 + h - (2 - -7). Let f be x(b). What is the highest common factor of 32 and f?
16
Let m = -14365 - -14450. What is the greatest common divisor of 221 and m?
17
Let a = 121 + 41. Suppose a = -3*t + 9*t. Let u(q) = -7*q + 12. Let d be u(-6). What is the highest common divisor of d and t?
27
Suppose 3*c + 2 = 5*h + 22, -5*c - 3*h = 12. Suppose 23*w + 316 - 1351 = c. What is the greatest common factor of 180 and w?
45
Let x be ((-18)/8)/((-9)/288). Suppose 8*f - x = 4*f. Let u = 51 - 45. Calculate the greatest common divisor of u and f.
6
Let z(l) = 3*l**2 + 25*l - 42. Let g be z(-6). Let d = g + 292. What is the highest common factor of 16 and d?
16
Let t(r) = 4*r**2 + 7*r + 7. Let s be t(-5). Suppose -587*a - 171370 = -187219. What is the greatest common divisor of a and s?
9
Suppose 5*v + 5611 - 8052 = 9634. Calculate the greatest common divisor of v and 945.
105
Let v be (40/(-24))/((-2)/60). Suppose 21*w + 4*w = v. Calculate the greatest common factor of w and 2.
2
Let c be ((-964)/(-10))/(50/250). Let k = c - 432. Calculate the highest common factor of 400 and k.
50
Suppose -2*z - 126 + 118 = 0, w + 3*z - 247 = 0. Calculate the greatest common factor of 1073 and w.
37
Let g be (8 + 0)/(((-24)/6)/(-8)). Let a be (468/8)/((-12)/g - 0). Let o = 2 - a. What is the greatest common divisor of 48 and o?
16
Let h = 17 - 12. Let g(m) = -m - 1 - h*m + 11*m + 3*m. Let d be g(7). Calculate the greatest common divisor of d and 11.
11
Let v be ((-168)/(-9))/2*3. 